 factor of 5317 and 20684357.
409
What is the highest common divisor of 20 and 108685930?
10
Calculate the greatest common factor of 476 and 11988116.
28
Calculate the greatest common divisor of 4551 and 2866884.
123
What is the highest common factor of 142189884 and 297?
27
What is the greatest common divisor of 6840262 and 338?
26
What is the greatest common factor of 519924 and 1864232?
4684
Calculate the highest common divisor of 105 and 1395825.
15
What is the highest common factor of 10222 and 2772852?
538
What is the greatest common factor of 14 and 128898238?
14
Calculate the greatest common factor of 10236205 and 7080.
295
Calculate the highest common factor of 155490 and 270084.
426
What is the highest common factor of 148 and 905403320?
148
Calculate the highest common divisor of 14344692 and 12.
12
Calculate the greatest common factor of 36273574 and 3056.
382
What is the highest common divisor of 158318097 and 84?
21
What is the greatest common divisor of 34 and 6011727?
17
Calculate the greatest common factor of 31554047 and 1879.
1879
Calculate the greatest common divisor of 9091472 and 7218.
802
What is the highest common factor of 391469657 and 2738?
1369
Calculate the greatest common factor of 132 and 17421074.
22
What is the highest common factor of 153699 and 339489?
1689
Calculate the highest common divisor of 72 and 610054344.
72
Calculate the highest common divisor of 27498627 and 291.
291
Calculate the greatest common divisor of 256 and 67413456.
16
What is the highest common factor of 967849360 and 6070?
6070
Calculate the highest common factor of 28136108 and 66.
22
What is the highest common factor of 2336783415 and 15?
15
Calculate the greatest common divisor of 3409888 and 855071.
2599
Calculate the greatest common factor of 1742320 and 840.
40
Calculate the greatest common divisor of 840 and 32287752.
168
Calculate the greatest common factor of 24069187 and 11409.
3803
What is the greatest common divisor of 1004 and 16669663?
251
What is the highest common divisor of 131304 and 1348?
4
Calculate the greatest common factor of 169622 and 196.
2
Calculate the highest common divisor of 180 and 2524961790.
90
What is the greatest common factor of 41161281 and 63?
21
What is the greatest common divisor of 18425264 and 715?
143
Calculate the highest common divisor of 6276666 and 924.
66
What is the greatest common divisor of 352 and 8565872?
16
What is the greatest common factor of 587607 and 6?
3
What is the highest common factor of 5122823 and 26413?
433
What is the highest common divisor of 248 and 35283456?
248
What is the greatest common factor of 3410 and 413137?
31
What is the highest common divisor of 18 and 8155236?
6
Calculate the greatest common divisor of 190230 and 2830.
10
Calculate the greatest common divisor of 2042248 and 702.
26
Calculate the greatest common factor of 50 and 14738.
2
What is the greatest common divisor of 1558947 and 312?
39
Calculate the highest common factor of 73711269 and 459.
459
What is the highest common divisor of 30 and 85312960?
10
What is the greatest common factor of 17601298 and 5148?
286
What is the highest common factor of 6438569 and 485?
97
What is the highest common factor of 2534769 and 150?
3
Calculate the greatest common factor of 2091900 and 1180272.
4404
What is the greatest common factor of 154 and 235907056?
154
Calculate the highest common divisor of 6288 and 2781654.
786
What is the highest common factor of 665 and 28835492?
7
Calculate the greatest common divisor of 4146081 and 1454.
727
Calculate the highest common factor of 16360 and 37080.
40
What is the greatest common factor of 361878456 and 51?
51
What is the highest common divisor of 357756 and 8820?
84
What is the greatest common divisor of 76 and 7758194?
38
Calculate the highest common divisor of 606 and 1737163842.
606
Calculate the greatest common factor of 8 and 307381304.
8
Calculate the highest common factor of 195266 and 58918.
178
What is the highest common factor of 880061170 and 620?
310
Calculate the greatest common factor of 314 and 16204.
2
What is the greatest common divisor of 12 and 1096689372?
12
What is the greatest common factor of 976909660 and 1160?
580
Calculate the highest common factor of 432 and 8590050.
54
Calculate the greatest common divisor of 14 and 44600773.
7
Calculate the highest common factor of 888892136 and 451.
451
What is the highest common divisor of 878 and 21809959?
439
Calculate the highest common factor of 474 and 29957037.
237
Calculate the greatest common factor of 101439375 and 10.
5
Calculate the greatest common factor of 1625 and 18187.
13
What is the highest common divisor of 131 and 270157763?
131
Calculate the highest common divisor of 223 and 66859414.
223
What is the highest common divisor of 124383 and 521241?
21
What is the highest common factor of 4159946 and 10058?
214
What is the greatest common factor of 29472 and 38424?
24
Calculate the greatest common factor of 1096272 and 623484.
828
Calculate the greatest common divisor of 56770085 and 27920.
1745
What is the greatest common divisor of 3082 and 32696670?
134
What is the greatest common divisor of 40848 and 1746474?
222
Calculate the greatest common divisor of 671 and 259292.
11
What is the highest common factor of 8936039 and 3374?
1687
What is the highest common divisor of 324884 and 328?
164
Calculate the greatest common divisor of 110263680 and 120.
120
Calculate the highest common factor of 4320211 and 6601.
287
Calculate the highest common divisor of 437910 and 3520.
110
What is the highest common divisor of 11695134 and 100188?
726
Calculate the greatest common factor of 34424880 and 3360.
1680
What is the highest common factor of 83900 and 6352908?
3356
What is the greatest common factor of 2037 and 357231?
21
Calculate the greatest common divisor of 189376 and 7304.
88
Calculate the highest common divisor of 8282 and 220786.
202
Calculate the greatest common factor of 39356145 and 270.
135
Calculate the greatest common factor of 16258 and 52701.
11
What is the greatest common divisor of 879056 and 29264?
16
What is the greatest common divisor of 1166 and 2285678?
106
Calculate the highest common factor of 463687 and 5047.
49
Calculate the greatest common divisor of 2712626 and 5558.
14
Calculate the greatest common factor of 873 and 73329.
3
What is the greatest common divisor of 6684 and 80724?
12
Calculate the greatest common factor of 2719354 and 433616.
1322
Calculate the highest common divisor of 21 and 2563636.
1
Calculate the greatest common factor of 156881 and 193166.
59
What is the highest common factor of 810771 and 1248?
39
What is the greatest common divisor of 4122790 and 13020?
70
Calculate the greatest common factor of 376103 and 5122.
13
Calculate the highest common divisor of 2914 and 727142076.
2914
Calculate the greatest common divisor of 31386552 and 10218.
786
What is the greatest common divisor of 1922335 and 1480?
185
What is the greatest common factor of 10319 and 4979828?
607
Calculate the greatest common divisor of 190227882 and 663.
39
Calculate the highest common factor of 17090 and 85829398.
3418
Calculate the highest common divisor of 616 and 88028171.
77
What is the greatest common divisor of 137654 and 3058?
22
Calculate the highest common divisor of 204847628 and 9910.
1982
What is the highest common divisor of 99710 and 8281?
169
What is the greatest common divisor of 964215 and 8423872?
3061
Calculate the greatest common divisor of 1355797934 and 236.
118
Calculate the greatest common factor of 7496 and 40032.
8
What is the greatest common factor of 5798 and 2090242778?
5798
What is the greatest common factor of 81617 and 5823613?
4801
What is the highest common factor of 329154 and 461922?
2766
Calculate the highest common divisor of 34862226 and 266.
266
What is the highest common factor of 7304 and 1928300?
44
What is the highest common factor of 48202749 and 44835?
1281
What is the greatest common divisor of 37559200 and 455392?
4256
Calculate the greatest common divisor of 623539 and 318654.
1967
Calculate the highest common divisor of 1349 and 113783819.
71
What is the highest common divisor of 921 and 1632?
3
Calculate the highest co